r of 397924534?
False
Is 601761287 a multiple of 542?
False
Does 2008 divide 1832792267?
False
Is 14 a factor of 3283370?
False
Is 157912435 a multiple of 127?
True
Is 851 a factor of 1831738596?
False
Is 26853095 a multiple of 61?
False
Is 13 a factor of 44529354?
False
Is 39 a factor of 81775902?
True
Does 431 divide 16127891?
False
Does 169 divide 293469762?
False
Is 11 a factor of 116674624?
True
Is 34 a factor of 14906431?
False
Does 6 divide 58085124?
True
Is 32643519 a multiple of 121?
False
Is 27 a factor of 261143005?
False
Is 405133530 a multiple of 645?
True
Is 1125096905 a multiple of 181?
True
Is 668929278 a multiple of 34?
False
Is 291531577 a multiple of 97?
False
Is 2464 a factor of 97699139?
False
Is 57 a factor of 526395480?
False
Is 1717444871 a multiple of 398?
False
Is 669 a factor of 288805?
False
Is 250711959 a multiple of 3165?
False
Is 139919252 a multiple of 11?
True
Is 36 a factor of 718164?
True
Does 390 divide 1642939918?
False
Is 3267 a factor of 6238929413?
False
Is 179755515 a multiple of 45?
True
Is 72 a factor of 174644652?
False
Does 372 divide 140482976?
False
Is 54519558 a multiple of 4?
False
Is 566 a factor of 460158?
True
Does 567 divide 5641800255?
True
Does 88 divide 20399189?
False
Is 107106786 a multiple of 54?
True
Is 89 a factor of 139504966?
False
Is 87 a factor of 16652439?
False
Is 1093 a factor of 22846979?
True
Does 26 divide 62250496?
False
Does 21 divide 139924365?
True
Does 62 divide 26019375?
False
Is 23 a factor of 215193658?
True
Does 536 divide 293066040?
True
Does 78 divide 3405782484?
True
Does 26 divide 57136532?
False
Does 25 divide 367609225?
True
Does 60 divide 163464835?
False
Is 182 a factor of 4155806?
False
Does 286 divide 53289871?
False
Is 6638979 a multiple of 3?
True
Is 1761 a factor of 20351877?
True
Is 3895454000 a multiple of 2350?
True
Is 24963162 a multiple of 298?
True
Is 45784834 a multiple of 58?
False
Does 23 divide 162215849?
True
Does 24 divide 155336232?
True
Does 3493 divide 81671198?
False
Is 1390240974 a multiple of 4573?
False
Is 128 a factor of 163424768?
True
Is 2950 a factor of 300997350?
True
Is 2877 a factor of 3495555000?
True
Is 173 a factor of 613750539?
False
Is 3115 a factor of 196787010?
True
Does 482 divide 87630771?
False
Is 353 a factor of 63343911?
False
Does 25 divide 489043278?
False
Is 3043203548 a multiple of 33?
False
Is 40 a factor of 56166055?
False
Is 3165 a factor of 554928945?
True
Is 431 a factor of 473782276?
False
Does 321 divide 365276887?
False
Does 2 divide 1251827716?
True
Is 39194976 a multiple of 6684?
True
Is 1671852 a multiple of 4?
True
Is 1495 a factor of 30744675?
True
Does 4289 divide 479537740?
False
Is 21 a factor of 10578516?
False
Is 949 a factor of 27891491?
False
Does 993 divide 526919814?
False
Does 4 divide 5278384?
True
Is 58799181 a multiple of 1379?
True
Does 1587 divide 69737541?
True
Does 6 divide 1317619692?
True
Is 13 a factor of 6710111?
False
Does 303 divide 102234452?
False
Does 2361 divide 155110617?
True
Is 176346273 a multiple of 27?
False
Does 1134 divide 24004846?
False
Is 604 a factor of 128860523?
False
Is 138 a factor of 382168295?
False
Does 119 divide 32685254?
True
Is 199 a factor of 27009872?
True
Does 62 divide 26016936?
True
Is 101 a factor of 4005054?
True
Is 3708 a factor of 175593990?
False
Is 93780693 a multiple of 199?
False
Is 5912819 a multiple of 286?
False
Is 1653 a factor of 4907722303?
False
Is 2707 a factor of 455547495?
True
Does 7 divide 5447831?
False
Does 49 divide 648941153?
True
Does 3099 divide 48626409?
True
Does 66 divide 27337068?
True
Does 109 divide 6063155?
False
Is 27359748 a multiple of 351?
True
Is 71885243 a multiple of 616?
False
Is 583330900 a multiple of 3700?
True
Is 18 a factor of 32257170?
True
Is 33481750 a multiple of 184?
False
Does 75 divide 4050375?
True
Is 2702 a factor of 85626380?
True
Does 695 divide 51208437?
False
Is 9 a factor of 69909524?
False
Is 58 a factor of 1344051650?
False
Is 25 a factor of 336952425?
True
Is 5600 a factor of 238601395?
False
Is 11 a factor of 9983417?
False
Does 30 divide 289839570?
True
Does 50 divide 35199026?
False
Is 9 a factor of 12237165?
True
Does 205 divide 193763335?
True
Is 11 a factor of 155150050?
True
Does 1547 divide 635923743?
True
Does 200 divide 12643400?
True
Is 7995680 a multiple of 55?
True
Is 16 a factor of 15746000?
True
Does 2658 divide 3595782270?
True
Is 16 a factor of 54955856?
True
Is 309377715 a multiple of 381?
True
Is 181 a factor of 1396257417?
False
Is 210 a factor of 43695750?
True
Is 2633 a factor of 47251174?
False
Is 160 a factor of 1545891497?
False
Does 68 divide 722154288?
True
Is 1060726039 a multiple of 348?
False
Is 218726 a multiple of 2?
True
Does 235 divide 326180470?
True
Is 214 a factor of 56250114?
True
Is 119802936 a multiple of 44?
True
Is 23000640 a multiple of 65?
True
Does 29 divide 3387107?
False
Is 431 a factor of 152726113?
False
Is 38 a factor of 36673320?
False
Does 8469 divide 10781176?
False
Does 8 divide 4811664?
True
Does 13 divide 28651259?
True
Does 57 divide 2216997?
False
Is 1063315068 a multiple of 14?
False
Is 19 a factor of 24867093?
False
Is 390533316 a multiple of 68?
True
Is 2622 a factor of 866177700?
True
Does 17 divide 228656293?
False
Is 98811612 a multiple of 1202?
True
Does 350 divide 2954350?
True
Is 13 a factor of 50668885?
False
Is 945 a factor of 1037548575?
True
Is 398046233 a multiple of 2530?
False
Is 19899855 a multiple of 815?
True
Is 573 a factor of 10346088?
True
Is 1147 a factor of 5308607?
False
Is 32502105 a multiple of 15?
True
Is 3672 a factor of 58179168?
True
Is 4846 a factor of 4390157150?
False
Does 2819 divide 278811618?
False
Does 692 divide 625709168?
True
Is 867582436 a multiple of 30?
False
Is 350 a factor of 166795650?
True
Does 121 divide 1013255446?
False
Is 4989 a factor of 583889380?
False
Does 321 divide 710858589?
False
Does 1183 divide 95319042?
True
Is 523067273 a multiple of 7894?
False
Is 60 a factor of 3428962140?
True
Is 1431 a factor of 28129990?
False
Does 758 divide 438441183?
False
Is 337 a factor of 483366851?
True
Does 3 divide 1257556?
False
Is 1661218289 a multiple of 4217?
False
Is 290563545 a multiple of 1109?
True
Is 35658702 a multiple of 85?
False
Does 13 divide 100153207?
False
Does 2262 divide 56668617?
False
Is 630827601 a multiple of 41?
False
Does 16 divide 32199337?
False
Is 17 a factor of 1003057?
False
Is 380 a factor of 485864960?
True
Is 375424192 a multiple of 748?
True
Is 22729502 a multiple of 105?
False
Is 1903223462 a multiple of 12?
False
Is 322 a factor of 59944095?
False
Does 13 divide 42349905?
True
Does 1080 divide 114678445?
False
Is 10149554 a multiple of 63?
False
Is 9690075 a multiple of 13?
False
Is 116838666 a multiple of 21?
True
Is 606 a factor of 15698926?
False
Does 333 divide 504249534?
False
Is 1083593538 a multiple of 18?
True
Is 28258737 a multiple of 46?
False
Does 12 divide 44709922?
False
Is 913 a factor of 743021312?
True
Is 1711 a factor of 428550748?
True
Does 2796 divide 1785817107?
False
Is 3304155932 a multiple of 2827?
False
Is 574 a factor of 32773150?
False
Is 2381713149 a multiple of 542?
False
Is 75653088 a multiple of 1648?
True
Is 7774 a factor of 920263348?
False
Does 84 divide 769856052?
True
Is 33702942 a multiple of 51?
True
Is 307 a factor of 2239839765?
True
Is 188 a factor of 87151160?
True
Does 10909 divide 1392882938?
True
Does 434 divide 779827692?
True
Is 46552394 a multiple of 133?
True
Does 162 divide 435957714?
True
Is 30 a factor of 140108393?
False
Does 2208 divide 32700571?
False
Is 610 a factor of 929922167?
False
Is 158 a factor of 22727826?
True
Is 3726486 a multiple of 9?
True
Is 406 a factor of 561680433?
False
Is 10 a factor of 352289655?
False
Does 78 divide 146872050?
True
Does 390 divide 3699150?
True
Does 552 divide 46582595?
False
Does 982 divide 19993520?
True
Is 3567 a factor of 1969280061?
True
Does 47 divide 1428776942?
False
Is 302 a factor of 1360292560?
True
Does 9 divide 1750799531?
False
Is 402149 a multiple of 27?
False
Is 31922635 a multiple of 1022?
False
Does 366 divide 27464274?
True
Is 120178574 a multiple of 1301?
True
Is 53361168 a multiple of 987?
True
Does 67 divide 45930242?
True
Is 1644